936009 composite?
False
Is 14324689 a composite number?
True
Is 8514571 a composite number?
True
Is 19025641 composite?
True
Is 54035783 a composite number?
True
Is 717233579 composite?
False
Is 186206 a composite number?
True
Is 25331063 a composite number?
False
Is 117571 composite?
False
Is 11085769 composite?
False
Is 258126551 a composite number?
False
Is 13250101 a prime number?
True
Is 75174499 a composite number?
False
Is 81814429 a composite number?
False
Is 43229733 prime?
False
Is 110791 composite?
True
Is 320700439 a prime number?
True
Is 5593297 prime?
True
Is 136942681 a prime number?
False
Is 5377819 prime?
False
Is 32358127 composite?
False
Is 5742127 a composite number?
True
Is 8466841 a composite number?
True
Is 35447101 composite?
False
Is 63649931 prime?
True
Is 395066863 a prime number?
True
Is 21457819 prime?
True
Is 2250433 composite?
True
Is 209818303 a prime number?
False
Is 24854801 composite?
True
Is 106612039 a prime number?
False
Is 60013109 a prime number?
False
Is 623331561 a prime number?
False
Is 102464855 a prime number?
False
Is 753771 a composite number?
True
Is 13256261 composite?
True
Is 402026963 composite?
True
Is 18766213 a prime number?
False
Is 69703061 composite?
True
Is 2204701 a prime number?
True
Is 7924681 prime?
True
Is 44659191 a prime number?
False
Is 1082243 composite?
False
Is 23051213 composite?
False
Is 1238989 a prime number?
True
Is 53646539 composite?
True
Is 67645709 a composite number?
False
Is 2337737 prime?
True
Is 258641231 a prime number?
True
Is 1648457 prime?
False
Is 199790737 composite?
False
Is 5362777 a prime number?
False
Is 291942641 prime?
True
Is 1241237 prime?
False
Is 16923433 prime?
False
Is 5167187 composite?
False
Is 1856599 a composite number?
False
Is 90846227 a prime number?
True
Is 1670789 prime?
False
Is 29560939 a prime number?
True
Is 20315261 a prime number?
False
Is 4495849 prime?
True
Is 31091369 prime?
True
Is 2137227 a composite number?
True
Is 5850209 prime?
True
Is 131736667 a composite number?
False
Is 67604933 a composite number?
True
Is 45858097 a composite number?
False
Is 2284423 a prime number?
True
Is 379273 prime?
True
Is 195476989 prime?
False
Is 17391107 a composite number?
False
Is 65808403 composite?
True
Is 220970949 a prime number?
False
Is 84791 a composite number?
True
Is 77794597 a prime number?
False
Is 2885783 prime?
True
Is 27014137 prime?
True
Is 342254747 prime?
True
Is 20510027 a composite number?
False
Is 90191389 composite?
True
Is 53124469 a prime number?
True
Is 5452649 prime?
True
Is 548381345 a prime number?
False
Is 429244099 a composite number?
True
Is 37370413 prime?
False
Is 208828479 composite?
True
Is 10293805 prime?
False
Is 10506841 a composite number?
False
Is 4087703 a composite number?
True
Is 1435934 a composite number?
True
Is 149817619 a prime number?
False
Is 202817401 prime?
False
Is 417161 a composite number?
False
Is 3253111 prime?
True
Is 6627085 a prime number?
False
Is 31639165 composite?
True
Is 24635249 prime?
False
Is 2858117 a prime number?
False
Is 34583917 a composite number?
False
Is 306563 prime?
True
Is 2442961 prime?
False
Is 351436079 a composite number?
False
Is 11301101 prime?
False
Is 101665297 prime?
True
Is 7856579 a composite number?
False
Is 27772877 composite?
True
Is 6181211 a composite number?
True
Is 2220331 composite?
False
Is 1588871 a prime number?
False
Is 3803087 prime?
False
Is 28626037 composite?
True
Is 16516595 a prime number?
False
Is 1022059 composite?
False
Is 16087549 a prime number?
True
Is 193029913 composite?
True
Is 1168392893 a prime number?
False
Is 10604051 a prime number?
True
Is 1631433 a composite number?
True
Is 2911121 prime?
False
Is 7754189 a prime number?
True
Is 30317351 a prime number?
True
Is 82760633 prime?
True
Is 74004371 prime?
False
Is 14006879 a composite number?
True
Is 2011363 a composite number?
False
Is 18602761 prime?
True
Is 59581 a composite number?
False
Is 28267177 composite?
False
Is 389657 a prime number?
False
Is 13773533 a composite number?
False
Is 340103 a prime number?
True
Is 5302637 prime?
True
Is 8675651 composite?
False
Is 31920283 a composite number?
True
Is 81832181 prime?
True
Is 1964839 composite?
True
Is 19202297 a composite number?
True
Is 37494001 a composite number?
False
Is 2191291 a composite number?
False
Is 431026315 composite?
True
Is 87414443 prime?
True
Is 58185593 a composite number?
False
Is 4302359 a prime number?
True
Is 79046537 prime?
False
Is 10578299 a composite number?
True
Is 18625883 a prime number?
False
Is 2364815 a prime number?
False
Is 7133413 a composite number?
True
Is 13064189 a composite number?
False
Is 216604603 a prime number?
True
Is 10420009 a prime number?
True
Is 6013543 a prime number?
False
Is 2053581 a composite number?
True
Is 13220521 a composite number?
False
Is 14952739 prime?
True
Is 75098857 composite?
False
Is 216893837 a composite number?
True
Is 99563449 a composite number?
False
Is 195443 a prime number?
True
Is 4366771 composite?
False
Is 80672161 prime?
False
Is 2597269 prime?
False
Is 2839037 a prime number?
False
Is 36667331 a composite number?
False
Is 33303787 a composite number?
True
Is 40777637 a composite number?
False
Is 1295432135 a prime number?
False
Is 15190579 prime?
False
Is 632459 a composite number?
False
Is 24914441 a prime number?
True
Is 1860479 a prime number?
True
Is 342393313 a prime number?
False
Is 415324099 prime?
False
Is 3756989 composite?
False
Is 674227 prime?
True
Is 291296641 a prime number?
True
Is 983299 a composite number?
False
Is 2974063 a prime number?
False
Is 39389873 prime?
True
Is 101039681 a composite number?
False
Is 41883649 a prime number?
True
Is 5486447 composite?
False
Is 7848429 prime?
False
Is 500491 a prime number?
False
Is 13960589 prime?
False
Is 401309 a composite number?
False
Is 1088851 composite?
False
Is 593211259 a composite number?
False
Is 303907651 composite?
False
Is 7041823 a composite number?
True
Is 15638201 a composite number?
True
Is 152051 composite?
True
Is 93427358 a composite number?
True
Is 119878441 composite?
True
Is 9457597 a composite number?
True
Is 10055642 a prime number?
False
Is 16368343 a prime number?
False
Is 136273723 composite?
False
Is 16473179 composite?
False
Is 206892139 a prime number?
True
Is 164431 a composite number?
False
Is 4272467 a composite number?
True
Is 1712323 prime?
False
Is 1723417 prime?
True
Is 7424771 prime?
False
Is 147543403 prime?
False
Is 9638705 prime?
False
Is 194118791 prime?
False
Is 24181909 a composite number?
False
Is 2158061 a composite number?
False
Is 12848899 prime?
False
Is 53296783 a composite number?
True
Is 1855303 composite?
False
Is 365909 a prime number?
False
Is 4932241 a composite number?
False
Is 47357537 composite?
False
Is 17151941 a prime number?
True
Is 1386886313 prime?
True
Is 9671 a prime number?
False
Is 296956877 prime?
False
Is 42074321 composite?
True
Is 3409433771 prime?
True
Is 51478319 a prime number?
False
Is 5707157 a composite number?
False
Is 560074423 prime?
True
Is 165621193 a prime number?
True
Is 453703 composite?
False
Is 4394717 a prime number?
True
Is 4660529 composite?
True
Is 4015189 prime?
True
Is 1932745 a prime number?
False
Is 33326821 prime?
False
Is 8216434 a prime number?
False
Is 7368041 a composite number?
False
Is 65125463 prime?
False
Is 916439327 a prime number?
True
Is 41013739 a composite number?
True
Is 102014383 prime?
False
Is 86388671 composite?
False
Is 406314089 composite?
False
Is 3879041 a composite number?
True
Is 531262867 a prime number?
True
Is 178718117 a prime number?
True
Is 15641779 prime?
False
Is 532397 a prime number?
False
Is 11114722 a prime number?
False
Is 9785021 composite?
False
Is 18161459 composite?
False
Is 23350709 composite?
True
Is 639844637 a composite number?
True
Is 264708835 prime?
False
Is 132440713 a prime number?
False
Is 3992837 a prime number?
True
Is 166646351 prime?
True
Is 48073273 a composite number?
True
Is 22739309 a composite number?
False
Is 5020511 a prime number?
False
Is 506992133 composite?
True
Is 6311923 a composite number?
False
Is 108725545 a prime number?
False
Is 190484659 a prime number?
True
Is 107309481 a composite number?
True
Is 10